he prime factors of 2639.
7, 13, 29
List the prime factors of 6699.
3, 7, 11, 29
What are the prime factors of 53?
53
What are the prime factors of 41809?
41809
List the prime factors of 101407.
23, 4409
What are the prime factors of 12682?
2, 17, 373
List the prime factors of 19235.
5, 3847
List the prime factors of 35558.
2, 23, 773
What are the prime factors of 91817?
11, 17, 491
List the prime factors of 10301.
10301
What are the prime factors of 124?
2, 31
What are the prime factors of 3838?
2, 19, 101
List the prime factors of 4834.
2, 2417
List the prime factors of 51963.
3, 17321
List the prime factors of 3001.
3001
What are the prime factors of 2449?
31, 79
List the prime factors of 3114.
2, 3, 173
List the prime factors of 12923.
12923
What are the prime factors of 23632?
2, 7, 211
What are the prime factors of 3925?
5, 157
List the prime factors of 22117.
17, 1301
List the prime factors of 1018.
2, 509
What are the prime factors of 8031?
3, 2677
List the prime factors of 22168.
2, 17, 163
List the prime factors of 54605.
5, 67, 163
List the prime factors of 5770.
2, 5, 577
What are the prime factors of 25599?
3, 7, 23, 53
List the prime factors of 8488.
2, 1061
List the prime factors of 32655.
3, 5, 7, 311
What are the prime factors of 12368?
2, 773
What are the prime factors of 67409?
67409
List the prime factors of 12460.
2, 5, 7, 89
What are the prime factors of 51130?
2, 5, 5113
What are the prime factors of 415?
5, 83
List the prime factors of 88232.
2, 41, 269
What are the prime factors of 1720?
2, 5, 43
List the prime factors of 2439.
3, 271
What are the prime factors of 6923?
7, 23, 43
What are the prime factors of 20418?
2, 3, 41, 83
What are the prime factors of 981?
3, 109
What are the prime factors of 103875?
3, 5, 277
List the prime factors of 10077.
3, 3359
What are the prime factors of 29154?
2, 3, 43, 113
What are the prime factors of 46556?
2, 103, 113
List the prime factors of 1242.
2, 3, 23
List the prime factors of 184.
2, 23
List the prime factors of 1984.
2, 31
List the prime factors of 34395.
3, 5, 2293
What are the prime factors of 42646?
2, 21323
What are the prime factors of 22368?
2, 3, 233
What are the prime factors of 23375?
5, 11, 17
List the prime factors of 2100.
2, 3, 5, 7
List the prime factors of 787.
787
List the prime factors of 153.
3, 17
List the prime factors of 3850.
2, 5, 7, 11
List the prime factors of 2378.
2, 29, 41
What are the prime factors of 2976?
2, 3, 31
What are the prime factors of 39069?
3, 1447
List the prime factors of 101.
101
What are the prime factors of 84328?
2, 83, 127
What are the prime factors of 2024?
2, 11, 23
List the prime factors of 2218.
2, 1109
List the prime factors of 4204.
2, 1051
What are the prime factors of 10316?
2, 2579
List the prime factors of 1250.
2, 5
List the prime factors of 15884.
2, 11, 19
List the prime factors of 30574.
2, 15287
What are the prime factors of 5266?
2, 2633
List the prime factors of 1460.
2, 5, 73
What are the prime factors of 4446?
2, 3, 13, 19
What are the prime factors of 864?
2, 3
List the prime factors of 709.
709
What are the prime factors of 110253?
3, 11, 13, 257
List the prime factors of 395.
5, 79
List the prime factors of 4130.
2, 5, 7, 59
List the prime factors of 126.
2, 3, 7
List the prime factors of 17950.
2, 5, 359
List the prime factors of 140638.
2, 19, 3701
What are the prime factors of 136?
2, 17
What are the prime factors of 174?
2, 3, 29
List the prime factors of 13314.
2, 3, 7, 317
What are the prime factors of 26531?
43, 617
List the prime factors of 5437.
5437
What are the prime factors of 14115?
3, 5, 941
What are the prime factors of 6496?
2, 7, 29
List the prime factors of 144.
2, 3
What are the prime factors of 127333?
223, 571
List the prime factors of 1527.
3, 509
List the prime factors of 8587.
31, 277
List the prime factors of 63155.
5, 17, 743
What are the prime factors of 681?
3, 227
List the prime factors of 21768.
2, 3, 907
What are the prime factors of 44735?
5, 23, 389
What are the prime factors of 118194?
2, 3, 19699
What are the prime factors of 120197?
7, 11, 223
List the prime factors of 8174.
2, 61, 67
List the prime factors of 14828.
2, 11, 337
What are the prime factors of 2022?
2, 3, 337
List the prime factors of 305.
5, 61
What are the prime factors of 129?
3, 43
What are the prime factors of 480?
2, 3, 5
List the prime factors of 4775.
5, 191
List the prime factors of 39701.
29, 37
What are the prime factors of 9969?
3, 3323
List the prime factors of 333.
3, 37
What are the prime factors of 1282?
2, 641
List the prime factors of 1145.
5, 229
What are the prime factors of 5585?
5, 1117
What are the prime factors of 773?
773
What are the prime factors of 925?
5, 37
List the prime factors of 1964.
2, 491
What are the prime factors of 87040?
2, 5, 17
List the prime factors of 875.
5, 7
What are the prime factors of 53?
53
What are the prime factors of 24253?
79, 307
What are the prime factors of 1596?
2, 3, 7, 19
What are the prime factors of 2026?
2, 1013
What are the prime factors of 916?
2, 229
List the prime factors of 8883.
3, 7, 47
What are the prime factors of 199?
199
List the prime factors of 50422.
2, 17, 1483
List the prime factors of 32838.
2, 3, 13, 421
List the prime factors of 20593.
20593
What are the prime factors of 65507?
13, 5039
What are the prime factors of 18602?
2, 71, 131
List the prime factors of 94017.
3, 7, 11, 37
What are the prime factors of 4096?
2
List the prime factors of 20460.
2, 3, 5, 11, 31
What are the prime factors of 381?
3, 127
What are the prime factors of 55805?
5, 11161
List the prime factors of 6259.
11, 569
What are the prime factors of 1212?
2, 3, 101
What are the prime factors of 4292?
2, 29, 37
List the prime factors of 64.
2
What are the prime factors of 600?
2, 3, 5
List the prime factors of 20242.
2, 29, 349
List the prime factors of 12494.
2, 6247
List the prime factors of 391.
17, 23
What are the prime factors of 21172?
2, 67, 79
List the prime factors of 1120.
2, 5, 7
What are the prime factors of 1422?
2, 3, 79
List the prime factors of 22433.
22433
What are the prime factors of 1804?
2, 11, 41
What are the prime factors of 38474?
2, 19237
List the prime factors of 36717.
3, 12239
What are the prime factors of 12470?
2, 5, 29, 43
What are the prime factors of 12118?
2, 73, 83
List the prime factors of 49434.
2, 3, 7, 11, 107
What are the prime factors of 680?
2, 5, 17
What are the prime factors of 13124?
2, 17, 193
List the prime factors of 31522.
2, 15761
What are the prime factors of 1904?
2, 7, 17
List the prime factors of 1667.
1667
What are the prime factors of 55807?
55807
What are the prime factors of 34122?
2, 3, 11, 47
What are the prime factors of 132?
2, 3, 11
What are the prime factors of 637?
7, 13
What are the prime factors of 21752?
2, 2719
What are the prime factors of 29956?
2, 7489
What are the prime factors of 563?
563
List the prime factors of 10196.
2, 2549
What are the prime factors of 2100?
2, 3, 5, 7
List the prime factors of 7793.
7793
What are the prime factors of 302?
2, 151
What are the prime factors of 603?
3, 67
List the prime factors of 51770.
2, 5, 31, 167
List the prime factors of 1926.
2, 3, 107
What are the prime factors of 1033?
1033
List the prime factors of 37790.
2, 5, 3779
List the prime factors of 106038.
2, 3, 43, 137
List the prime factors of 4487.
7, 641
List the prime factors of 1602.
2, 3, 89
What are the prime factors of 118014?
2, 3, 13, 17, 89
What are the prime factors of 31251?
3, 11, 947
What are the prime factors of 18367?
18367
List the prime factors of 6252.
2, 3, 521
What are the prime factors of 9406?
2, 4703
List the prime factors of 59856.
2, 3, 29, 43
What are the prime factors of 540?
2, 3, 5
List the prime factors of 42878.
2, 11, 1949
List the prime factors of 55395.
3, 5, 1231
List the prime factors of 92812.
2, 23203
List the prime factors of 10978.
2, 11, 499
What are the prime factors of 28735?
5, 7, 821
What are the prime factors of 24547?
24547
List the prime factors of 18002.
2, 9001
List the prime factors of 21922.
2, 97, 113
List the prime factors of 87713.
239, 367
List the prime factors of 25913.
25913
What are the prime factors of 524?
2, 131
What are 